1)/(45/135). Let g be 5*-1 + 0/(i - 2). Let w(c) be the first derivative of -c**3/3 - 5*c**2/2 - 4*c + 1. Calculate w(g).
-4
Let m(y) = -151*y + 31. Let r be m(-2). Let k = 322 - r. Let i(x) = x**3 + 10*x**2 - 11*x - 15. Give i(k).
-15
Let o(d) = -21188 + 4*d + d**3 + 6*d**2 + 21188 - 8*d. What is o(-7)?
-21
Let q(x) = 1 - 2*x + 2*x + 3*x. Let a be 92/(-6) + (-32)/48. Let s(o) = -o - 18. Let k be s(a). Calculate q(k).
-5
Let f be (3 + (-72)/56)/(6/28). Let z(n) = -n**3 + 10*n**2 - 18*n + 13. Let g be z(f). Let u(t) = -t. Determine u(g).
3
Let g(z) be the first derivative of -z**3/3 + 7*z**2/2 - 3*z + 914. Determine g(4).
9
Let u be 0/(((-36)/(-7))/(-3) + 6/(-21)). Let m(f) be the second derivative of -1/2*f**3 - 2*f**2 - 1/20*f**5 + u - 1/2*f**4 + 31*f. What is m(-5)?
-14
Let a = 115 + -119. Let u(y) = 2*y**3 - 5*y**2 - 5*y + 5. Let z(g) = g**3 - 5*g**2 - 5*g + 2. Let p(b) = 2*u(b) - 3*z(b). Give p(a).
0
Let b(u) = u**2 - 9*u - 1. Let w = 184 + -180. Let j be w/6 + 224/24. What is b(j)?
9
Let n(k) = 2*k**3 + 3*k**2 + 3*k + 3. Suppose -4*o + u + 14 = 0, -3*o = -8*u + 4*u - 17. Let y(i) = 10*i - 32. Let m be y(o). Give n(m).
-7
Let o(u) = 3*u**3 - 5*u - 3. Suppose -4*w - 3*v - 12 = 0, 115*w - 2*v + 15 = 110*w. Calculate o(w).
-69
Let i(d) = -d**3 + d**2 + d - 3. Let y(p) = p**2 + 4*p + 3. Let j be (-14)/4*(-132)/(-6 + 0). Let l = j - -74. Let b be y(l). Give i(b).
-3
Let f(m) = 2*m**3 - 102*m**2 - 2*m**3 + 7 + m**3 + 4*m + 107*m**2. Let q(p) = -3*p - 7. Let y be q(-3). Suppose -y*w - 7 = -b, -4*b + 11 = -5*w - 2. Give f(w).
-13
Let y(a) = a**2 + a**2 - a + 4 - 3. Let q(z) = z**2 - 94*z - 4350. Let m be q(128). What is y(m)?
7
Let k(b) = b**3 + 8*b**2 - 10*b - 3. Let x(d) = d**2 - 10*d + 27. Let c be x(3). Let a be -1*(-1)/(-3)*c - -2. Suppose 10*j - 15*j - 45 = a. What is k(j)?
6
Let z(g) = 14*g - 3. Let k(d) be the second derivative of -20*d**3/3 + 7*d**2/2 + 6*d - 4. Let v(i) = 6*k(i) + 17*z(i). What is v(-13)?
17
Let f(j) = -86*j**2 - 5 + 169*j**2 + 4 - 4*j - 84*j**2. Let d(o) = o**3 - 6*o**2 + o - 4. Let z be d(6). Suppose 2*n - z + 6 = 0. Give f(n).
3
Let g(b) = 3 - 5*b + 0*b**3 - 2*b**3 + 3*b**3 - 5*b**2. Let u be (2 - -15 - -2) + -14. Give g(u).
-22
Let a = -478 - -482. Let v(b) = -2*b**3 + 2*b**2 + 6*b - 7. Calculate v(a).
-79
Let m = -36 + 24. Let b be ((-69)/m - 5) + (-114)/(-8). Suppose -6*v = -v - b. Let u(x) = x - 3. What is u(v)?
0
Let b be (-5 - -4)/(1/(-11)). Suppose -4*v = b + 13. Let u(j) = 20*j**2 + 15*j - 35. Let t(m) = -7*m**2 - 5*m + 12. Let d(p) = 17*t(p) + 6*u(p). Calculate d(v).
0
Let h(n) be the second derivative of -n**4/12 + 11*n**3/6 - 21*n**2/2 + n + 1480. Determine h(4).
7
Suppose 2*l = -4*v + 6, 0*v = -2*v + 3*l + 23. Let u(m) = 3*m**2 + v + 1 - 3*m + 34*m**3 - 33*m**3. Determine u(-4).
1
Let w(r) = -r**3 + 7*r**2 + 7*r + 5. Let u = -208 - -327. Suppose -227 = -5*t - 4*j, t - 5*j = 32 + 25. Suppose u = 9*q + t. What is w(q)?
-3
Suppose -12*q - 84 = -13*q. Let k be (-26)/(-65) + -2 + q/15. Let a(g) = -g + 1. What is a(k)?
-3
Let p(h) be the first derivative of -h**3/3 + 15*h**2/2 - 23*h - 1108. What is p(14)?
-9
Let h(n) = -n**3 + 5*n**2 - 6*n + 2. Let a be h(3). Suppose 0*r + a*r + 4 = z, 4*r = 5*z + 4. Let v(t) = t**2 + 3 + 6*t + 8 + 9 - 16. Determine v(z).
-4
Let m(q) = -3*q + 49. Let b be m(-12). Suppose 0 = -10*h + b - 15. Let t(z) be the first derivative of -z**4/4 + 7*z**3/3 - z**2/2 + 8*z - 26. Give t(h).
1
Suppose 0 = 4*m + 2*y + 2, -3*m - 6*y + 2*y - 14 = 0. Let b(l) be the third derivative of 0 + 1/24*l**4 + 0*l - 1/3*l**3 + 7*l**2 - 1/30*l**5. Give b(m).
-8
Let w(j) = j**2 - j - 1. Let a(z) = -5*z**2 + 4*z. Let f(n) = -22*n**2 + 17*n. Let g(p) = -9*a(p) + 2*f(p). Let c(x) = -5*g(x) + 6*w(x). What is c(-6)?
6
Let q(j) be the first derivative of -2*j**3/3 + 9*j**2 - 23*j + 62. Let r be q(8). Let k(p) = -p**3 - 6*p**2 + 6*p - 8. Determine k(r).
-1
Suppose 0*x - 4*x = -8. Suppose -m + 0*i + 3 = x*i, 5*i = 5*m + 30. Let n(b) be the first derivative of 3*b**2/2 - 2*b + 2697. What is n(m)?
-11
Let c be (1 - 0) + 32 + -3 + 4. Let z be 1 + (27/(-63) - c/(-14)). Let y(b) = -b**3 + 5*b**2 - 3*b - 3. Let w be y(z). Let d(m) = m - 3. Give d(w).
3
Let d(k) = -11*k + 183. Let v = 14552 - 14537. Give d(v).
18
Let f(u) = u**2 + 23*u - 47. Suppose -3878 - 1690 = 232*r. Give f(r).
-23
Let q(j) = 8*j**3 - j**2 + 2*j - 7. Let n(c) = -1. Let m(v) = 5*n(v) - q(v). Let a be -6*(-31)/(-248) - 63/(-36). Calculate m(a).
-7
Suppose 2*k = -3*w + 13, 3*w - 4*k - 5 = -2*k. Let i be (2/7 + (-175)/(-245))*0. Suppose i*v = -w*v - v. Let y(d) = d**2 + d + 6. Calculate y(v).
6
Let y(n) be the second derivative of -1/2*n**3 + 0*n**2 + 0 - 1/12*n**4 + 28*n. Suppose -i + 2 = 0, 2*i + 5 = -5*d + 2*d. Give y(d).
0
Suppose -10*j = -4*j - 60. Suppose 5*t + 2*w + 60 = w, 0 = -3*w. Let b be (t/j)/(3/15). Let y(u) = -2*u**2 - 8*u + 6. Calculate y(b).
-18
Let p(t) be the third derivative of t**6/120 + t**5/15 + t**4/6 + t**3/3 - 37*t**2. Suppose 0 = -2*r + 6*r. Let d = r - 3. Give p(d).
-1
Let g(b) be the third derivative of b**6/120 + b**5/4 - 2*b**4/3 + b**3/2 + 1155*b**2. Calculate g(-16).
3
Let x(b) = 0*b - 1 - b + 2. Suppose 862 + 662 = -12*t. Let k = -130 - t. Give x(k).
4
Let d(z) = -z**3 - 3*z**2 + 4*z + 1. Suppose 5*c + o + 18 = 0, 2*o + 22 = -147*c + 144*c. Give d(c).
-11
Let l(g) be the first derivative of -g**3/3 + 5*g**2/2 + 3*g + 5. Let u = 78 + -74. Suppose 5*k + 24 = 4*v + 7*k, 3*k = 2*v - u. Determine l(v).
3
Suppose 3*d + 3*h - 18 = 0, 0 = 4*d + 3*h - 6*h - 24. Let m(g) = -3 - 4 + 11 - 6*g - 15. Let p(u) = 5*u + 9. Let s(c) = -4*m(c) - 5*p(c). Give s(d).
-7
Let u(p) = -p**3 + 5*p**2 + 4*p + 8. Let k = 30 + 14. Suppose 2*i - 102 = x, x - 10 = -i + 38. Let c = i - k. Give u(c).
-4
Let g = -1023 - -1030. Let a(m) = m - 17. Calculate a(g).
-10
Suppose 1 = -3*l + 7. Let x(y) = -5*y + 3*y - y**3 + 4*y**3 - l*y**3. Let m = -30 - -33. Calculate x(m).
21
Let h(m) be the second derivative of -m**3/2 + m**2 + m. Let f(w) = 5*w - 3. Let j(c) = -4*f(c) - 7*h(c). Let q be (-9*2/(-12))/((-2)/4). Calculate j(q).
-5
Let l(o) = o**3. Let j be l(0). Suppose -32 = 5*c + 3*w - j*w, 0 = -c - w - 8. Let p be -1*(-12)/c + -5. Let y(s) = -s**3 - 9*s**2 - 9*s + 5. Determine y(p).
13
Let m(v) = -v**3 + 13*v**3 + 4*v - 6*v - 1. Suppose -101 = 96*w - 5. What is m(w)?
-11
Let a(z) = -2*z**2 + 965 - 870 + 3*z**2 - 19*z. What is a(9)?
5
Suppose 3*h + 4 = -2*q + 9, 1 = -h. Let f = -30 + 32. Let u(z) = z - 28 + 0*z + z**f + 24. What is u(q)?
16
Let u(l) be the third derivative of -l**8/6720 + l**7/840 - l**6/360 - l**4/12 - l**3/3 - 80*l**2. Let x(v) be the second derivative of u(v). Give x(3).
-6
Suppose 2*j + 4 = 4*j. Let w(g) be the first derivative of 1 - g**2 + 3*g**j + 0 - 13. What is w(3)?
12
Suppose -2*i + 5 + 11 = 0, -72 = -3*l - 3*i. Let w(m) = -m + 6. What is w(l)?
-10
Let y(d) = -d**3 - 3*d**2 - 21*d + 63. Let g be y(2). Let n(h) = 5*h**2 + 21*h - 19. What is n(g)?
7
Let f(d) = -2*d - 3. Let s = -244 - -292. Suppose -45*l + 18 = -s*l. What is f(l)?
9
Let v(n) = 34*n**3 - n**2 - n. Suppose -11*k - 13*k = -17071 + 17095. Calculate v(k).
-34
Let a(y) be the second derivative of -4*y**3/3 - 5*y**2/2 - 1531*y. Calculate a(-2).
11
Let y(v) be the second derivative of 72*v + 1/20*v**5 + 0 + 0*v**3 + 0*v**4 + 14*v**2. What is y(0)?
28
Let r = -24 + 27. Suppose 0 = 19*l - 18*l - r. Suppose 14 = -5*x + l*h - 6, -5*x - 4*h - 20 = 0. Let y(p) = p**2 + 6*p + 2. Calculate y(x).
-6
Let y(g) be the first derivative of -12*g**2 + 10*g - 484. Give y(1).
-14
Let y(p) = -2*p**3 + 33*p**2 - p - 32. Let z(a) = 2*a**3 - 30*a**2 + a + 19. Let t(h) = 2*y(h) + 3*z(h). Determine t(12).
5
Let c(x) = -2*x + 46*x + 2442 - 2665. Determine c(5).
-3
Suppose -l + 13 = 14. Let q be (l - 1)*1*(-21)/(-6). Let h(f) = f + 15. Determine h(q).
8
Let a(d) = -18*d**2 - 43*d - 19. Let h(r) = 10*r**2 + 21*r + 10. Let y(k) = -4*a(k) - 7*h(k). Give y(-12).
-6
Let w(z) = 17 - 2*z + 0*z - 3. Let p(b) = 5*b - 1. Let h(v) = 14*v - 3. Let f(i) = 4*h(i) - 11*p(i). Let j(u) = 3*f(u) + w(u). Calculate j(-6).
5
Let n(t) be the second derivative of -t**5/20 - 7*t**4/12 + 5*t**2 - 16*t. Let l(k) = -k**3 - 10*k**2 + k + 3. Let g be l(-10). Calculate n(g).
10
Let z(v) be the first derivative of -11*v**2/2 +